{"id":9934,"date":"2026-01-29T15:31:19","date_gmt":"2026-01-29T18:31:19","guid":{"rendered":"https:\/\/dispensadorchile.cl\/?post_type=product&#038;p=9934"},"modified":"2026-04-16T16:37:03","modified_gmt":"2026-04-16T19:37:03","slug":"insecticida-en-aceite-para-plagas-en-jardin-1l","status":"publish","type":"product","link":"https:\/\/dispensadorchile.cl\/?product=insecticida-en-aceite-para-plagas-en-jardin-1l","title":{"rendered":"INSECTICIDA EN ACEITE PARA PLAGAS EN JARD\u00cdN 1L"},"content":{"rendered":"<p class=\"content-descriptor-title\"><strong>Aceite Miscible 1 lt controla pulgones<\/strong><\/p>\n<p class=\"content-descriptor-text\">El Insecticida Aceite Miscible Anasac se destaca por solucionar, gracias a su f\u00f3rmula, las plagas que se detectan en \u00e1reas verdes. Al actuar como ayuda para \u00e1rboles frutales, esta sustancia emulsionable tapa las salidas y agota el suministro de aire a las diferentes amenazas, resolviendo as\u00ed las cualidades adversas en el jard\u00edn. Si bien su cometido es lograr la estabilidad en la flora, este producto tambi\u00e9n entrega mejoras para la vida animal y humana al eliminar pestes sorpresivas.<\/p>\n<p class=\"content-descriptor-title\"><strong>Caracter\u00edsticas<\/strong><\/p>\n<p class=\"content-descriptor-text\">Una de las caracter\u00edsticas del Insecticida Aceite Miscible Anasac es concentrar la eliminaci\u00f3n, de manera efectiva, de insectos, ara\u00f1as y huevos que est\u00e9n da\u00f1ando la flora presente en la zona. Uno de sus beneficios es disipar pulgones, conchuelas, escamas y chanchitos blancos, proponiendo soluciones con mayor eficacia para \u00e1rboles frutales presentes en el jard\u00edn. Se debe mantener en un lugar resguardado y no ingerir en ninguna ocasi\u00f3n. Seguro y eficiente en la agricultura, este producto se ejecuta al contactar con la plaga en cuesti\u00f3n.<\/p>\n","protected":false},"excerpt":{"rendered":"<p>Producto de alta efectividad que act\u00faa formando una pel\u00edcula sobre los insectos, ara\u00f1itas y huevos, a los que cubre y asfixia. Puede ser usado en frutales, hortalizas y ornamentales del jard\u00edn. Efectivo en el control de Conchuelas, Escamas, Ara\u00f1itas, Chanchito Blanco, Huevos de Ara\u00f1itas y Pulgones. No se recomienda aplicar con altas temperaturas. Dosificaci\u00f3n Diluir 100cc en 10lts de agua.<\/p>\n","protected":false},"featured_media":9935,"comment_status":"open","ping_status":"closed","template":"","meta":{"site-sidebar-layout":"default","site-content-layout":"default","ast-site-content-layout":"default","site-content-style":"default","site-sidebar-style":"default","ast-global-header-display":"","ast-banner-title-visibility":"","ast-main-header-display":"","ast-hfb-above-header-display":"","ast-hfb-below-header-display":"","ast-hfb-mobile-header-display":"","site-post-title":"","ast-breadcrumbs-content":"","ast-featured-img":"","footer-sml-layout":"","ast-disable-related-posts":"","theme-transparent-header-meta":"","adv-header-id-meta":"","stick-header-meta":"","header-above-stick-meta":"","header-main-stick-meta":"","header-below-stick-meta":"","astra-migrate-meta-layouts":"default","ast-page-background-enabled":"default","ast-page-background-meta":{"desktop":{"background-color":"","background-image":"","background-repeat":"repeat","background-position":"center center","background-size":"auto","background-attachment":"scroll","background-type":"","background-media":"","overlay-type":"","overlay-color":"","overlay-opacity":"","overlay-gradient":""},"tablet":{"background-color":"","background-image":"","background-repeat":"repeat","background-position":"center center","background-size":"auto","background-attachment":"scroll","background-type":"","background-media":"","overlay-type":"","overlay-color":"","overlay-opacity":"","overlay-gradient":""},"mobile":{"background-color":"","background-image":"","background-repeat":"repeat","background-position":"center center","background-size":"auto","background-attachment":"scroll","background-type":"","background-media":"","overlay-type":"","overlay-color":"","overlay-opacity":"","overlay-gradient":""}},"ast-content-background-meta":{"desktop":{"background-color":"var(--ast-global-color-5)","background-image":"","background-repeat":"repeat","background-position":"center center","background-size":"auto","background-attachment":"scroll","background-type":"","background-media":"","overlay-type":"","overlay-color":"","overlay-opacity":"","overlay-gradient":""},"tablet":{"background-color":"var(--ast-global-color-5)","background-image":"","background-repeat":"repeat","background-position":"center center","background-size":"auto","background-attachment":"scroll","background-type":"","background-media":"","overlay-type":"","overlay-color":"","overlay-opacity":"","overlay-gradient":""},"mobile":{"background-color":"var(--ast-global-color-5)","background-image":"","background-repeat":"repeat","background-position":"center center","background-size":"auto","background-attachment":"scroll","background-type":"","background-media":"","overlay-type":"","overlay-color":"","overlay-opacity":"","overlay-gradient":""}}},"product_brand":[],"product_cat":[167],"product_tag":[],"class_list":{"0":"post-9934","1":"product","2":"type-product","3":"status-publish","4":"has-post-thumbnail","6":"product_cat-rociador-pulverizador","7":"desktop-align-left","8":"tablet-align-left","9":"mobile-align-left","11":"first","12":"instock","13":"taxable","14":"shipping-taxable","15":"purchasable","16":"product-type-simple"},"_links":{"self":[{"href":"https:\/\/dispensadorchile.cl\/index.php?rest_route=\/wp\/v2\/product\/9934","targetHints":{"allow":["GET"]}}],"collection":[{"href":"https:\/\/dispensadorchile.cl\/index.php?rest_route=\/wp\/v2\/product"}],"about":[{"href":"https:\/\/dispensadorchile.cl\/index.php?rest_route=\/wp\/v2\/types\/product"}],"replies":[{"embeddable":true,"href":"https:\/\/dispensadorchile.cl\/index.php?rest_route=%2Fwp%2Fv2%2Fcomments&post=9934"}],"wp:featuredmedia":[{"embeddable":true,"href":"https:\/\/dispensadorchile.cl\/index.php?rest_route=\/wp\/v2\/media\/9935"}],"wp:attachment":[{"href":"https:\/\/dispensadorchile.cl\/index.php?rest_route=%2Fwp%2Fv2%2Fmedia&parent=9934"}],"wp:term":[{"taxonomy":"product_brand","embeddable":true,"href":"https:\/\/dispensadorchile.cl\/index.php?rest_route=%2Fwp%2Fv2%2Fproduct_brand&post=9934"},{"taxonomy":"product_cat","embeddable":true,"href":"https:\/\/dispensadorchile.cl\/index.php?rest_route=%2Fwp%2Fv2%2Fproduct_cat&post=9934"},{"taxonomy":"product_tag","embeddable":true,"href":"https:\/\/dispensadorchile.cl\/index.php?rest_route=%2Fwp%2Fv2%2Fproduct_tag&post=9934"}],"curies":[{"name":"wp","href":"https:\/\/api.w.org\/{rel}","templated":true}]}}